i) = 12*i**3 - 4*i**2 + 5*i - 6. Let g(f) = f**2 - f + 1. Let h(j) = s*o(j) + 5*g(j). What is h(1)?
12
Suppose -3 = -8*l + 45. Let s be 4/14 + 95/35. Let y(g) = -s*g**2 - 6 + 4*g**2 - 4*g + 1. What is y(l)?
7
Let u(h) be the first derivative of 3*h**3 + 3*h**2/2 + 21*h + 1. Let w(o) = 5*o**2 + o + 11. Let b(v) = -6*u(v) + 11*w(v). Determine b(7).
-5
Let l(o) = -5*o**3 - 11*o**2 - 10*o - 7. Let t(u) = -u**3 - u**2 - u - 1. Let r(d) = l(d) - 4*t(d). Suppose 5*m + 42 = -v - 9, 3*v - 2*m = 0. What is r(v)?
-3
Let u(m) = -5*m - 2 - 6*m + 4*m - m**3 + 7*m**2. Let l be ((-15)/2)/(8/(-16)) + -1. Suppose -q - 8 = -b - 2*q, -l = -4*b + 5*q. Calculate u(b).
-8
Let d(n) = n**3 - 9*n**2 + 8*n + 2. Let b(i) = -i**3 - 7*i**2 - 11*i + 3. Let h be b(-5). Determine d(h).
2
Suppose -17*q + 65*q = 0. Let c(s) = -29 + s + s - 3*s. Determine c(q).
-29
Let r be (-20)/15 + (-8)/(-6). Suppose 20 = 4*g - r*g. Let c(s) = 4*s**2 + 0 - g*s**2 + 0. What is c(-2)?
-4
Let t(w) be the second derivative of -w**3/2 - 17*w**2/2 - 50*w. Give t(-13).
22
Let d(c) = c + 6. Let x(w) = -2*w + 4. Let v(j) = -3*d(j) - x(j). Determine v(-6).
-16
Let i = -343 - -341. Let q(m) = -m**3 + m - 3. What is q(i)?
3
Let c(k) be the second derivative of k**4/12 - k**3/6 + 2*k**2 - k. Suppose 4 = 4*r + 2*f - 6, -5*r - 5*f + 20 = 0. Let v be r/(-3) - 8/(-24). Determine c(v).
4
Let z(f) = 3*f**2 - 6 - 2*f**2 - 4 + 6*f. Suppose 8*i - 4*i + 12 = 5*q, 5*q + 44 = -3*i. Give z(i).
6
Let w(d) = -5*d**2 + 3. Let p be (-12)/(-9)*27/12. Calculate w(p).
-42
Let h = 32 + -21. Suppose -4*r = -2*r - 5*w + 16, 3*r - w + h = 0. Let v(d) = -d**2 - 4*d - 4. Give v(r).
-1
Let v(w) = 160*w**3 - w**2 + 0*w**2 - 161*w**3 - 15 + 6*w - 3*w - 4*w. Let j be (6/(-4) - -1)*0. What is v(j)?
-15
Let o(g) = g**2 - 7*g + 5. Let z(n) = 9 + 698*n - 2 - 695*n. Let h be z(0). Give o(h).
5
Let w(j) be the third derivative of 3*j**2 + 0 + 0*j**4 - 1/120*j**6 + j**3 - 1/12*j**5 + 0*j. Give w(-5).
6
Let o be (-4)/6 + 56/21. Suppose o*u + 14 = g, 2*g - 2*u = -0*g + 18. Suppose -2*l = -7*x + 3*x - g, -l + 1 = -3*x. Let w(v) = 12*v + 1. What is w(x)?
13
Let f(v) be the second derivative of -v**4/12 - 2*v**3/3 - 5*v**2/2 + v + 216. Give f(-3).
-2
Let a(q) = -2*q**2 + 5*q + 9. Suppose 4*v + 13 = -3, 0 = -d + 4*v + 20. Calculate a(d).
-3
Let o(m) = 2*m**2 - 14*m - 21. Let u(f) = -f**2 + 7*f + 10. Let i(c) = 6*o(c) + 13*u(c). Let g be 8/32 - 189/(-28). Give i(g).
4
Let o(t) = t**2 + 4*t. Let y = 4 + -7. Let a be o(y). Let w(u) = -2*u**2 - 4 + 5 + 4*u**2 + 2*u - u**2. What is w(a)?
4
Let w(c) = 6*c + 17. Suppose -3*p + 23 = -2*y, -185 + 147 = 5*y - p. Calculate w(y).
-25
Let p(q) = -q**3 - 22*q**2 + q + 24. Let a be p(-22). Let x(j) = 31*j**2 + 2*j + 1 - 63*j**a + 33*j**2 + 3*j. Let s be (2/4)/((-1)/10). Determine x(s).
1
Suppose -h = -6*h + 40. Suppose -5*r + 5*v = -25, -v + h = 4*r - 7. Let l(p) be the second derivative of p**3/6 - p**2 + 148*p. Determine l(r).
2
Let u(o) = -3*o + 12. Let i(f) = f - 4. Let j(g) = 8*i(g) + 3*u(g). Determine j(-5).
9
Let b(i) = -i**2 + i + 11. Let w = -82 - -82. What is b(w)?
11
Let b(y) = -2*y**2 - 42*y. Let k be b(-21). Suppose -4*t - 1 - 7 = k. Let d(i) = 3*i**3 + i**2 - i + 2. Determine d(t).
-16
Suppose 25*k = 19*k + 12. Let y(v) = -84*v - 89*v + 9 + 166*v + v**k. Calculate y(7).
9
Let s(v) = v**2 + 2*v + 3. Let j(u) = -3*u**2 - 3*u - 3. Let l(z) = j(z) + s(z). Determine l(-4).
-28
Let t(k) = -k**2 + 6*k - 7. Suppose -14 = -4*f - 2. Let d be 3 + (f - (1 - -2)). Suppose 0 = -3*b + 12 + d. What is t(b)?
-2
Let s(h) = -4*h**2 - 1 + 0 - 3*h**2. Let a = -23 + 28. Suppose 4*j - a*f = -0*j + 1, -3*f = 5*j + 8. Give s(j).
-8
Let a(f) = -f**2 - 6*f + 1. Let h(s) = 4*s - 10. Let m be h(3). Suppose 10 = -m*k - 0*k. Give a(k).
6
Let h(p) = -p**3 - 7*p**2 - p + 10. Suppose -3*l = 2*l - 0*l. Let q be 1 + -2 + l + -8 + 2. Give h(q).
17
Let o(s) = s**3 - 12*s**2 - s + 7. Let k(y) = y**2. Let t(h) = -3*k(h) - o(h). Let z(d) = 9*d**3 + d**2 + d - 2. Let g be z(1). Give t(g).
2
Let m = -38 + 33. Let t(h) = 2*h**2 - 2*h + 2. Let n(b) = -b**2 + b - 1. Let y(w) = m*n(w) - 2*t(w). Give y(-2).
7
Suppose -2*w + 22 = -6*w + 3*b, -2*w - 12 = -2*b. Let g(q) = -q - 7. Determine g(w).
-3
Let t(p) = -2*p + 3*p - p**2 - 3 + 5 + p**3 - 4. Let k(i) = -16*i + 18. Let b be k(1). What is t(b)?
4
Let o(d) = -d**2 - 2. Suppose -6*c - 6 = -8*c. Let p(l) be the third derivative of -l**5/60 + l**4/24 - l**3/3 + 2*l**2. Let x(b) = c*p(b) - 4*o(b). Give x(-2).
0
Let h(w) = -w**2 + 7*w - 3. Let m(l) = 4*l**2 - 20*l + 9. Let n(p) = 8*h(p) + 3*m(p). Let b(f) = -6*f**3 - 17*f**2 + 4*f + 5. Let i be b(-3). Calculate n(i).
11
Let x(n) = -4 - 5*n**2 + 10*n**2 - 4 - 5*n**2 - n**2 + 4*n. What is x(4)?
-8
Suppose 18*l = 13*l + 5. Let t(b) = 332*b - 334*b + l + 0. What is t(5)?
-9
Let q(c) = -c. Let g = -109 + 107. Let x(f) = f + 1. Let p(h) = g*x(h) - 5*q(h). Determine p(2).
4
Let i(a) = -a**2 - 2. Suppose -149 = -3*h + 2*g, 0*g - 53 = -h + 4*g. Let m = 49 - h. Calculate i(m).
-2
Let l(b) = -5*b**3 - 23*b**2 + 5*b + 21. Let a(w) = 3*w**3 + 12*w**2 - 2*w - 11. Let m(c) = -7*a(c) - 4*l(c). Determine m(7).
0
Let g(a) = -a**3 + 0*a**3 + 4*a**2 + a - 1 + 0. Let z(m) = -13*m + 419. Let f be z(32). Calculate g(f).
11
Let v(b) = -b**2 + b + 1. Let u(k) = -7*k**2 + 4*k + 5. Let d(a) = -u(a) + 6*v(a). Let l = 10 + -12. Let s be d(l). Let y(t) = 16*t - 1. Calculate y(s).
15
Let m = 6 + -4. Let q(p) = -3*p + 64. Let t be q(21). Let y be t - ((1 - m) + 1). Let w(l) = -5*l**2 + l - 1. What is w(y)?
-5
Let q(t) = t**2 + 19*t - 18. Let a be 114/(-6) - 0*3/12. Determine q(a).
-18
Let d(t) = -3 - 10*t + 0 + 11*t. Let c(a) = a**3 + 9*a**2 + 9*a + 5. Let u be c(-8). Give d(u).
-6
Let m(k) = -k + 5. Let o be m(5). Let h be 1 - (o - (-2 - 0)). Let b(l) be the second derivative of -l**5/10 + l**4/12 + l**3/6 + 37*l. Determine b(h).
2
Let r(i) = 4*i**2 + i - 1. Suppose 4*t - 19 = -2*c - 1, 3*t - 18 = -3*c. Let m(b) = 5*b**2 + 2*b. Let u(s) = c*m(s) - 4*r(s). Give u(4).
-4
Suppose -9 = -3*f, -71*f + 25 = 4*y - 72*f. Let i(k) = -2*k + 5. Calculate i(y).
-9
Let c(m) = 8*m**3 - 8*m**2 - 4*m**3 - 3*m**3 + 5*m - 30 + 7. What is c(8)?
17
Let o(c) be the second derivative of -5*c**3/6 - 3*c**2/2 - 91*c. Calculate o(4).
-23
Let v(k) = -3*k**2 - k - 1. Let c = -245 - -244. What is v(c)?
-3
Let k be 1/2*(-6 - -6). Suppose -3*r + 8*r = k. Suppose -m = g + g - 4, -5*g + 10 = r. Let d(v) = v**3 - v + 18. Give d(m).
18
Suppose 0 = -u + 6. Let a(b) = -b + 8. Let t be a(u). Let c(p) = -2*p. Calculate c(t).
-4
Let c(h) = -5*h - 8. Let f(w) = w**3 + 7*w**2 + 9*w + 7. Let t be f(-6). Let q(x) = 9*x + 15. Let l(r) = t*c(r) - 6*q(r). Calculate l(-5).
-7
Let x(k) = -k**3 - 4*k + 4*k + 7 + 0*k**2 - k**2. Let f = 38 - 76. Let l = 38 + f. What is x(l)?
7
Let o = 0 - -2. Suppose 10 = o*p + 3*p. Let b(v) = 33 + v + v**2 - 35 - 2*v**3 + 0*v. Determine b(p).
-12
Let u(b) = 2*b**3 - b**2 - 2*b + 1. Let f(x) be the first derivative of x**2 + 17*x + 10. Let y be f(-7). Suppose y = -6*q - 9. Calculate u(q).
-15
Let y(z) = 4*z - 11*z + 12*z. Let t(w) be the second derivative of -w**4/12 - 4*w**3/3 - 15*w**2/2 - 6*w. Let d be t(-6). Give y(d).
-15
Suppose -21 + 3 = 5*x - 3*a, -3*x = 5*a + 38. Let s(d) = 6*d + 8. Let l(y) = 11*y + 16. Let k(b) = 3*l(b) - 5*s(b). Give k(x).
-10
Let p = -19 - -31. Let h = p + -12. Let m(t) = t**3 + t**2 - 1. Give m(h).
-1
Let a(p) = 4*p - 7. Let t = 1087 - 1087. Calculate a(t).
-7
Suppose -8*u + 46 - 46 = 0. Let x(h) be the third derivative of h**4/24 + h**3/3 - h**2. What is x(u)?
2
Let x(f) = -f**2 - 2*f + 6. Let b be (6*12/(-27))/(2/(-3)). Give x(b).
-18
Let p(r) = -r**3 + r**2 - 1. Let t(s) = -4*s**3 - 3*s**2 - 5*s - 8. Let v(k) = 3*p(k) - t(k). What is v(-6)?
-25
Let c(q) = 51*q + 39. Let k(x) = -10*x - 7. Let v(d) = -2*c(d) - 11*k(d). Let l = 2 - 2. Suppose -3*g - 5 + 2 = l. Determine v(g).
-9
Let t(c) = c**3 - 15*c**2 - c + 14. Suppose 13*b = 8 + 187. What is t(b)?
-1
Let g(f) = -33*f - 11. Let i(c) be the first derivative of -c + 0*c**2 + 5 - 6*c**2 - 4*c - 2*c**2. Let j(l) = 4*g(l) - 9*i(l). What is j(-1)?
-11
Suppose -2*o - 2*f - 6 = 4, 0 = 4*o - f. Let q be (8 - 7) + (-1 - 1). Let p(d) = -d**3 + d**2 + d - 1. Let v(x) = x - 2. Let u(a) = q*v(a) + 2*p(a). Give u(o).
3
Let o(